. Determine x(z).
-14
Let a(j) = 11*j + 23. Let t(n) = 3*n + 8. Let m(p) = 6*a(p) - 17*t(p). Give m(2).
32
Let g = 912 - 901. Let w(b) be the third derivative of 0*b - g*b**2 - 1/24*b**4 - 1/3*b**3 + 0. Give w(-3).
1
Let s(r) = 5*r + 1. Suppose -14 = -2*c - 5*n, 0 = c + 4*c - 3*n + 27. Give s(c).
-14
Suppose -n - 3*n - 4 = 0, -2*n = d. Let o(m) = -4*m - 7*m**2 - d*m**2 + 10*m**2 - 3*m. Suppose 12 = 2*z - 0*z. What is o(z)?
-6
Suppose 115 + 5 = 20*m. Let s be 204/85*(-15)/m. Let b(k) = 2*k + 9. Let q(c) = -2*c - 9. Let f(v) = 4*b(v) + 3*q(v). What is f(s)?
-3
Suppose 16 = -3*b + 1. Let k(o) = 9*o - 1. Let q(s) = -14*s + 2. Let d(u) = 8*k(u) + 5*q(u). Give d(b).
-8
Let j(z) = 5*z**2 + 6*z + 5. Let k(x) = -4*x**2 - 6*x - 5. Let t(g) = -5*j(g) - 6*k(g). Give t(6).
5
Let d(r) = r**2 - 12*r - 22. Suppose -7*g + 77 = -6*b + 11*b, -3 = -3*g. Determine d(b).
6
Let i(h) = -2*h**2 + 5*h + 3. Let y be (-3 - 122/(-18)) + (-12)/(-54). Determine i(y).
-9
Suppose -3*t + 3*s = -0*t + 3, 0 = 5*t - s - 11. Let q(v) = -2 + t - 2*v + 10*v. Let a be (-9)/6*4/6. Give q(a).
-7
Let k(n) = -7 + n - 9 - 2. Let b = 7345 - 7333. What is k(b)?
-6
Let o be 2/4*(15 - 19). Let g(k) = k + 6. What is g(o)?
4
Let d(a) be the second derivative of a**3/6 + 3*a**2 - a. Suppose -5*c = 3*h - 33 + 7, -4*c = h - 18. Let k be (-7 + (6 - 3))*3/h. Calculate d(k).
0
Suppose 0 = -4*d + 5*v + 31, 0 = 5*d - 2*v - 9 - 51. Let w(x) = x**2 - 17*x + 47. Calculate w(d).
5
Let q = 292 + -289. Let y(n) = n**3 - 4*n**2 - 3*n - 1. Calculate y(q).
-19
Let i(l) = l**3 + 12*l**2 + 5. Suppose -38 = 3*j + 2*a, 7*j - 9*j + 5*a - 19 = 0. Calculate i(j).
5
Let n(b) be the first derivative of b**4/4 + 7*b**3/3 + 7*b**2/2 + 6*b + 3. Let r = 535 + -541. Calculate n(r).
0
Let n be -6 - 0/(-4 + 9)*1. Let p(c) = c**2 + 5*c - 8. Calculate p(n).
-2
Let k(l) = l + 5. Let i = -199 - -189. Give k(i).
-5
Suppose 0 = -4*z - z + 10. Let v(u) = -1 - u**3 + u**z + 4*u**2 - u**2. Suppose -127 = -7*y - 106. Calculate v(y).
8
Let k(n) = 2*n - 6*n + 6*n + 4 + 16*n - 7*n. Calculate k(0).
4
Let z(r) = 167 + r**3 + 15*r + 186 - 518 + 180 + 14*r**2. What is z(-13)?
-11
Let x(a) = 3*a + 3. Let d be (-2)/(-7) + 15/35*-10. Determine x(d).
-9
Let g = -31 - -34. Let h(r) = -9*r**3 + r + 10*r**g - 10 + 9. Suppose 0 = -6*d + 2*d. Determine h(d).
-1
Let p(y) be the second derivative of y**6/360 + y**5/24 - 4*y**4/3 + 18*y. Let m(s) be the third derivative of p(s). Calculate m(-5).
-5
Let l(b) = -4*b**2 + 2*b + 6. Let x(g) = -20*g**2 + 10*g + 28. Let c(k) = -14*l(k) + 3*x(k). Give c(3).
-30
Let k(w) = -w**3 - 2*w**2 + 3*w + 1. Let c = -14 + 115. Let v = c - 104. Calculate k(v).
1
Let q(p) = p**2 + 7*p - 3. Let r(o) = -2*o**2 - 10*o + 3. Let w(a) = -3*q(a) - 2*r(a). Calculate w(0).
3
Suppose 2*n = 6*n + q - 21, 0 = 5*n - 2*q - 36. Suppose n*p + 35 = p. Let v(j) = 2*j + 8. What is v(p)?
-6
Let y(v) be the second derivative of -1/6*v**3 - 5/2*v**2 + 0 + 3*v. Calculate y(-3).
-2
Suppose -2 = u - 1. Let i(b) = 14*b**3 - 5*b**2 + 7*b - 4. Let f(n) = n**2 - n + 1. Let x(j) = -5*f(j) - i(j). Determine x(u).
15
Let q(x) = 3*x - 8. Suppose -5*b = 3*u - 10, b - 12 = -3*u - 2*b. Calculate q(u).
7
Let l(r) = r + 1. Let n(k) = k**3 + 5*k**2 + 3*k - 2. Let h be (-6)/(-4)*16/(-6). Let o be n(h). Determine l(o).
3
Let r(w) = -w**3 + 4*w**2 - 2*w - 2. Let f be r(2). Suppose -9 = -f*j + 7. Let d(z) = -z + 5*z - 2*z + j. What is d(-6)?
-4
Let l be (2/1)/(10/15). Let z(p) = p**2 - 2*p + 2*p**l - 1 - 4 + 5. Calculate z(-2).
-8
Let c(s) = -7*s**2 - 9*s + 16. Let t(f) = 6*f**2 + 10*f - 17. Let z(k) = -5*c(k) - 6*t(k). Determine z(-17).
-12
Let s(c) = c**3 + 6*c**2 - 5*c - 3. Let y(d) = 2 + 0 - d - 1. Let o(j) = s(j) - 4*y(j). Let a be o(-6). Let u(m) = 2*m**3 + m**2 + m. Determine u(a).
-2
Let z(d) = -2*d**3 - 19*d**2 + 13*d - 4. Let h(o) = o**3 + 10*o**2 - 7*o + 2. Let a(g) = 11*h(g) + 6*z(g). Suppose 0 = 26*j - 332 + 436. What is a(j)?
-6
Let a(p) = 2*p**2 + 4*p - 2. Suppose -5*r - 4*m = -6*m + 4, -5*r = -5*m + 10. Suppose -y + 1 = r, -24 = 5*l - 0*y - 4*y. Determine a(l).
14
Let q(x) = x**3 - 5*x**2 + 3*x - 4. Let g be q(2). Let i(r) = r**2 + 10*r + 1. What is i(g)?
1
Let k = 76 - 33. Suppose k*a = 36*a + 42. Let t(y) = -3*y - 8. Give t(a).
-26
Let m(n) = n**3 - 4*n**2 - 10*n + 9. Let q be 986/(-14) + (1 - 8/14). Let u = q - -76. Calculate m(u).
21
Suppose -2*p = -4*l - 14, -5*p - 8*l = -5*l + 4. Let u(c) = -6*c**2 + c. Calculate u(p).
-5
Suppose 0 = -2*y + 3*y + 1, 4*g + 9 = -y. Suppose -4*l + l = -6. Let d(f) = 7*f + 0*f**3 + 0*f**2 - f**3 - 8*f + 2 - 2*f**l. Determine d(g).
4
Let d(t) be the third derivative of -t**5/20 - t**4/2 - t**3 - 15*t**2. Let r(f) = 5*f**2 + 23*f + 13. Let g(m) = 7*d(m) + 4*r(m). Give g(9).
1
Let d(a) = -3*a - 3. Let q(m) = -m**3 - 2*m**2 + 5*m + 2. Let w be q(-3). Let l(n) = -3*n - 3. Let i(s) = w*d(s) + 3*l(s). Determine i(-3).
-6
Let l(p) = 18*p + 12*p - 5 - 31*p + 8. What is l(6)?
-3
Let l be (-15 - -13)*3/2 + -8. Let z(u) = -u - 12. What is z(l)?
-1
Let h(d) = -d**3 + 8*d**2 + 3. Let j be h(8). Let i be (j/(-12))/(4/16). Let t(z) = 9*z**2. What is t(i)?
9
Let y(k) = k**2 - 22*k + 62. Let a be y(19). Let z(o) be the third derivative of o**5/60 - 5*o**4/24 + 5*o**3/6 - o**2. Calculate z(a).
5
Let u(s) be the first derivative of -2*s**3/3 + 5*s**2/2 + s + 1. Suppose -4 = -2*r + 10 - 6. What is u(r)?
-11
Let n(a) be the second derivative of 1/12*a**4 + 0 - 5/2*a**2 - 1/20*a**5 + 0*a**3 + 6*a. Let b be n(0). Let w(t) = -t**3 - 5*t**2 + t + 2. What is w(b)?
-3
Let b(v) = -v**2 - 2*v + 3. Let s(c) = -30 + 3*c**2 - c**3 - 25*c + 9*c**2 + 15*c**2. Let m be s(26). Determine b(m).
-5
Suppose 476*f = 471*f - 5. Let o(s) = 3 + 11*s**3 + 0 - 2. Determine o(f).
-10
Suppose -2*i = -0*h + 2*h - 6, 3*h + i - 7 = 0. Suppose h*a = -o - 0*o + 10, -3*o - 6 = -3*a. Suppose 24 - 8 = -a*d. Let r(y) = y + 2. Determine r(d).
-2
Let f(d) = -4*d - 12. Let i be f(-5). Let x(v) = -5*v**2 + i*v**2 - 4*v + 5 + v**3 - 1. Give x(-4).
4
Let d(c) be the third derivative of c**5/60 + 8*c**2. Let k(w) = -6*w**2 - 2*w + 4. Let x(m) = 5*d(m) + k(m). Determine x(-5).
-11
Let v(f) be the first derivative of -45 + 3*f**2 + 0*f - 2/3*f**3. Determine v(4).
-8
Let k(m) be the second derivative of m**5/20 + m**4/2 + 4*m**3/3 + 2*m**2 - 3*m + 19. Determine k(-4).
4
Let x(s) = s**3 - 4*s**2 - 6*s - 3. Let o(i) = 6*i**2 + i. Let v = 32 - 45. Let n = 12 + v. Let h be o(n). Determine x(h).
-8
Let i(l) = 11*l**2 + l - 1. Suppose 3*h + 0*h - 39 = 0. Suppose h + 11 = k. Suppose 5*c + k = 29. Determine i(c).
11
Let c(w) = -w**2 - 3*w - 2. Let b be (-4)/5*(-1140)/(-24). Let h = b - -34. Give c(h).
-6
Let z be (-5 - 7)*1/2. Let b = z + 0. Let w be 4/b + 11/3. Let y(g) = g**3 - 2*g**2 - 5*g + 3. Calculate y(w).
-3
Let c(o) = -o**3 - 8*o**2 - 3*o + 1. Let b be ((-22)/11)/(-2*(-2)/(-6)). Suppose 26 = -4*a - 3*k - 17, b*a + k = -26. Give c(a).
-27
Suppose j - 1 = -0. Suppose 3*s = -2*i + 19, 2*s + i + 3*i = 10. Let r(p) = 3*p - 2*p + 0 - j - s*p. What is r(-1)?
5
Let w(p) = -13*p**3 - 8*p**2 - 16*p - 9. Let v(c) = -7*c**3 - 4*c**2 - 9*c - 5. Let a(n) = 11*v(n) - 6*w(n). Determine a(-3).
17
Let u(j) be the first derivative of j**4/2 - 4*j**3/3 + j**2 + j + 38. Give u(2).
5
Let n(c) = -c - 10. Suppose 42 = 2*o - 4*d, 20 - 4 = 4*d. Suppose 4*p + o = -7. Calculate n(p).
-1
Suppose -5*r + 12 = -r - 5*x, -2*r + 20 = x. Let p(k) = -k + 9. Give p(r).
1
Let f(d) = -3*d - 13. Suppose -103 + 143 = -4*n. Calculate f(n).
17
Let h(y) be the third derivative of -y**6/40 - y**5/30 + y**4/12 - y**3/6 - 30*y**2. Give h(1).
-4
Suppose l - 5 + 0 = 0, 4*t = -l + 9. Let o(p) be the second derivative of -5*p**3/3 + 3*p + 10. Give o(t).
-10
Let t(q) = -q**2 - 9*q + 27. Let v be t(-11). Let w(s) be the first derivative of 1/2*s**2 + 7/3*s**3 - v + s. What is w(-1)?
7
Suppose 0 = 5*y + 13 - 33. Suppose -y*b + 10 = -z, -2*z - 2*b - 2 = z. Let f(m) = 3*m**3 - m**2 - m - 1. Give f(z).
-27
Let m be (2/(-5))/(1/(-10)). Suppose -1 = -m*t + 3. Let y(p) = 10*p + 2. Let w(d) = 4*d - 1. Let s(h) = w(h) + y(h). Give s(t).
15
Suppose 0 = 2*t - 3*a + 5, a - 2*a - 2 = 3*t. Let c(f) be the first derivative of 0*f - 3 + 0*f**2 + 1/3*f**3. Calculate c(t).
1
Suppose -308 + 112 = -28*z. Let x(q) be the first derivative of 1/2*q**2